s the highest common factor of u and y?
13
Suppose 0*i = -43*i + 946. Calculate the greatest common divisor of i and 550.
22
Suppose 2*h - 553 = -573, 5*h + 706 = 2*w. Let u be (-2)/8 + (-130)/(-8). Calculate the highest common divisor of w and u.
8
Let r = 379 + -407. Let a = r - -40. Calculate the greatest common factor of 114 and a.
6
Let s be (270/540)/(3*(-1)/(-714)). Suppose n + 60 = 6*n - 2*v, -6 = n - 4*v. Calculate the highest common factor of n and s.
7
Let p be 16/(-4) - 4 - (15 + -13 + -2131). What is the highest common factor of 42 and p?
21
Let j be 267/(-623) + ((-25784)/14)/(-4). What is the highest common factor of j and 184?
92
Suppose 31 + 1 = 4*q. Let v(z) = -2*z**3 - 6*z - 6. Let c be v(4). Let t = -130 - c. What is the greatest common factor of q and t?
4
Let b(r) = 8*r + r**2 + 3 - 3*r - 24*r**3 + 0 - 3*r. Let s be b(-2). Calculate the greatest common factor of s and 15.
15
Suppose -3*j + 4 = -2*j, 3*o = 3*j + 48. Let g be ((5952/(-28))/(-2))/((-1)/7). Let r = 924 + g. What is the highest common divisor of r and o?
20
Let t = 14334 + -12062. Calculate the greatest common factor of 1420 and t.
284
Suppose -3*i + a = -17351, 68*i = 64*i - 7*a + 23193. Calculate the greatest common divisor of i and 88.
22
Let m be 8 - (-2)/(((-16)/(-394))/4). What is the greatest common factor of 533 and m?
41
Let o = -14 - -23. Suppose -329 + 332 = 3*n + i, -4*i = -5*n + 5. What is the greatest common divisor of n and o?
1
Let c = 20310 - 20300. Let q(b) = 8*b + 7. Let r be q(8). Let h = r - -39. What is the greatest common factor of h and c?
10
Let p = -1098 - -2517. Suppose 20*q - p = 981. Let o = 66 - 42. Calculate the highest common divisor of q and o.
24
Let b be (2/5)/((-3)/(-180)). Suppose -u - 5*f + f + 26 = 0, -2*u = f - 80. Calculate the greatest common divisor of b and u.
6
Suppose -3*g - g + 40 = 0. Suppose a - g = -7. Suppose 3*x + u = 10 + 9, -5*x - a*u + 33 = 0. What is the greatest common divisor of x and 2?
2
Suppose -3*u + 65 = 74, -4*u - 2 - 6 = n. Suppose 0 = -2*s - s + 564. Calculate the greatest common factor of n and s.
4
Let g(s) = -39*s - 140. Let a be g(-10). Suppose 0*x - 5*x = 4*c - 121, 4*x - 2*c - 102 = 0. What is the greatest common divisor of x and a?
25
Let m = -12674 + 14178. What is the highest common factor of 96 and m?
32
Suppose q - 325 = -j, 0*j - 3*j + 971 = 4*q. Let p(m) = -35*m + 7. Let g be p(0). Calculate the greatest common divisor of j and g.
7
Suppose -z + 2*o + 20 - 16 = 0, -4*o = 2*z - 8. What is the greatest common factor of z and 1604?
4
Let g be 840/160*(-152)/(-6). What is the greatest common factor of 13300 and g?
133
Suppose 5*l - 11*t = -9*t + 30, 4*t = 0. Suppose -1488 = -13*i + 5*i. What is the highest common factor of l and i?
6
Let d be 255/34 + -7 - (90/4)/(-1). Calculate the highest common divisor of 1541 and d.
23
Let v = -7347 + 7491. What is the greatest common divisor of 2672 and v?
16
Suppose -10*o + 8608 = 26*o - 8096. Calculate the greatest common divisor of 20648 and o.
232
Suppose 30 = 10*x + 15*x - 495. What is the highest common divisor of x and 5061?
21
Let n = -862 + 3144. Suppose 2*y = a - 754, 4*y - 3*y = 3*a - n. Calculate the greatest common factor of a and 6.
6
Let i be (1 + (-135)/(-10))*2. Calculate the greatest common factor of i and 44747.
29
Let o = -2165 - -3445. What is the highest common divisor of o and 10?
10
Let n be (-8)/(-5)*61/(671/1100). Calculate the greatest common factor of 30 and n.
10
Suppose -6 = -x - 5*g, 2*g + 0*g = x + 1. Let q be 124/10*(-1 + -5 + x). Let b = -22 - q. What is the greatest common divisor of 100 and b?
20
Let v(c) = 6*c - 103. Let g be v(5). Let b = 23 - g. What is the greatest common divisor of 48 and b?
48
Suppose -76*u - 90 = -82*u. Suppose u*p - 17*p = -140. Calculate the highest common factor of 980 and p.
70
Let u = 8569 + -8519. Calculate the highest common divisor of 21175 and u.
25
Let p(i) = 73*i**2 - 133*i - 258. Let z be p(-2). Calculate the greatest common factor of 390 and z.
30
Let f = 12452 - 12316. Calculate the highest common factor of f and 184.
8
Suppose 5*t = -w + 1069, 39*w - 24 = 43*w. What is the highest common factor of t and 258?
43
Let w(x) = -3*x**3 - x**2 + 17*x + 30. Let d be w(-4). Calculate the greatest common divisor of d and 1725.
69
Let m be ((-1)/(-2))/(2/92). Suppose 2*l = -3*b - 1 + 14, 4*b = -5*l + 15. Let t be (506/(-6))/(b/(-15)). Calculate the greatest common divisor of m and t.
23
Suppose -2*d = 2*m - 1888, -5*m + 5*d + 3858 = -872. What is the greatest common divisor of 455 and m?
35
Suppose 0 = -2*y + l + 918, -4*l - 906 = -3*y + 466. Let c = 230 + -210. Calculate the greatest common divisor of y and c.
20
Suppose -10000 = 6*h + 10*h. Let v be h/(-3) - 3/9. What is the highest common factor of 26 and v?
26
Let f = -151 + 177. Suppose -f*w + 537 + 1595 = 0. What is the greatest common factor of 287 and w?
41
Suppose -4*k + 131 = 7. Suppose -24 = -6*i - 2*i. Suppose -4*q = -i*q - 62. Calculate the highest common factor of q and k.
31
Suppose -189 = -6*c - 21. Let i be ((-31)/4)/(105/c + -4). Let l = i + -17. What is the greatest common factor of l and 42?
14
Let r be 9/3 + (-1 - 0). Suppose -a - 12 = -r*t - 53, -3*a = -2*t - 119. Suppose 4*m = -9*m + a. Calculate the highest common divisor of 39 and m.
3
Let n be (((-120)/25 - -4)/(-1))/((-10)/(-1100)). Calculate the highest common factor of 3564 and n.
44
Let b = 90 + -92. Let x be (20/(-6))/(b/15). Let s(k) = 48*k - 42. Let n be s(4). Calculate the highest common factor of x and n.
25
Suppose 145 = -18*v + 163 + 378. What is the greatest common factor of 1375 and v?
11
Let d(s) = 4*s**2 - 2*s + 1. Let m = 429 - 428. Let n be d(m). What is the highest common factor of n and 123?
3
Let n = 106 - -2. Suppose 0 = 4*v + w - 114, -5*v + 5*w + 256 - 101 = 0. Suppose -3*g + v + 7 = 0. Calculate the highest common divisor of n and g.
12
Let w = 15887 - 15831. Calculate the greatest common divisor of 4432 and w.
8
Suppose 0 = -3*j - 12, 4*j + 413 = 3*s - 116. Suppose -7*y + s + 172 = 0. Let l = -15 - -22. Calculate the greatest common factor of l and y.
7
Let k be (-106)/(-2) + -1 - -3. Suppose h = 2*s + 3 - 0, -5*s - 5*h - 30 = 0. Let c be -11 + 6 + 7 - s. Calculate the greatest common factor of k and c.
5
Let x = -152 - -224. Let o be (-4)/2*(-82)/4. Let s = x - o. Calculate the greatest common factor of s and 93.
31
Suppose 11*j - 389 = -22*j + 2185. What is the greatest common divisor of j and 25818?
78
Let i be (-4)/44 + 3944/187 + (-2 - -9). Let l = 105 - 54. Suppose 129 = 3*p + 4*b - l, -b = 3*p - 171. What is the greatest common divisor of i and p?
28
Suppose 4*n = 3*g + 31, 5*g + 41 = 6*n - 2*n. Suppose -4*x = m - n*m - 93, -x + 4*m + 7 = 0. What is the highest common divisor of 9 and x?
9
Suppose 2*c = -2*z + 198, 4*z + 93 + 111 = 2*c. Let q = c + -109. Let j(f) = -4*f - 9. Let r be j(q). What is the highest common factor of r and 243?
27
Let x be 348/2*(16 + (-3 - 10)). Suppose -49*q + x = -43*q. What is the greatest common divisor of 29 and q?
29
Let d = 160 + -111. Let w = 6 - d. Let a = -19 - w. Calculate the greatest common factor of a and 96.
24
Suppose 14 = 4*z + 2. Suppose 6*d - 41 = -5*f + 2*d, f = z*d + 12. Let h(p) = -15*p - 6. Let o be h(-7). Calculate the greatest common factor of f and o.
9
Suppose 4*a - 15463 = -k, -2*k = -39*a + 34*a + 19306. Calculate the highest common divisor of a and 4.
4
Suppose 4*t + 182 = -2*a, -2*t - 2*t - 164 = -4*a. Let m = 4 - t. Suppose -60 = -5*f - i - i, -3*i = -4*f + m. Calculate the highest common divisor of 36 and f.
12
Let w be (-8)/4 - 68/4*1. Let q be (-3232)/w - (-26)/(-247). What is the greatest common divisor of q and 51?
17
Suppose -46 - 162 = -4*g. Let i be 926/8 - ((-289)/68 - -3). Calculate the greatest common divisor of i and g.
13
Suppose 0 = 58*l + 1684 - 15082. What is the greatest common divisor of l and 44?
11
Let x = 3556 + -2902. What is the greatest common factor of x and 6?
6
Let l be (1 + -2)/(-1)*18. Let r = -5215 + 5242. What is the highest common factor of r and l?
9
Let w be 4/24*4*30. Suppose 0*o = 2*o + w. Let m = 76 + o. Calculate the greatest common factor of m and 99.
33
Let p be 34*4*(-444)/(-32). What is the greatest common divisor of p and 1